{"id":2877,"date":"2026-01-26T13:44:24","date_gmt":"2026-01-26T13:44:24","guid":{"rendered":"https:\/\/fmcalhas.com.br\/?post_type=product&#038;p=2877"},"modified":"2026-02-02T12:57:55","modified_gmt":"2026-02-02T12:57:55","slug":"condutores","status":"publish","type":"product","link":"https:\/\/fmcalhas.com.br\/?product=condutores","title":{"rendered":"Condutores"},"content":{"rendered":"<p>Os condutores de alum\u00ednio s\u00e3o respons\u00e1veis por direcionar corretamente a \u00e1gua da chuva das calhas at\u00e9 o solo, evitando infiltra\u00e7\u00f5es, umidade e danos \u00e0 estrutura do im\u00f3vel. Fabricados em alum\u00ednio de alta qualidade, oferecem resist\u00eancia \u00e0 corros\u00e3o, leveza e longa durabilidade.<br data-start=\"401\" data-end=\"404\" data-is-only-node=\"\" \/>Produzidos sob medida, garantem encaixe perfeito, escoamento eficiente e acabamento profissional, sendo ideais para aplica\u00e7\u00f5es residenciais, comerciais e industriais.<\/p>\n","protected":false},"excerpt":{"rendered":"<p>FA\u00c7A O CONTATO PELO NOSSO CANAL DE WHATSSAP<br \/>\nSOLICITE SEU OR\u00c7AMENTO E LOGO LHE RETORNAREMOS.<\/p>\n","protected":false},"featured_media":3012,"comment_status":"open","ping_status":"closed","template":"","meta":[],"product_brand":[],"product_cat":[102],"product_tag":[108,109],"class_list":{"0":"post-2877","1":"product","2":"type-product","3":"status-publish","4":"has-post-thumbnail","6":"product_cat-condutores","7":"product_tag-condutores","8":"product_tag-condutores-de-aluminio","10":"first","11":"instock","12":"featured","13":"virtual","14":"product-type-simple"},"acf":[],"_links":{"self":[{"href":"https:\/\/fmcalhas.com.br\/index.php?rest_route=\/wp\/v2\/product\/2877","targetHints":{"allow":["GET"]}}],"collection":[{"href":"https:\/\/fmcalhas.com.br\/index.php?rest_route=\/wp\/v2\/product"}],"about":[{"href":"https:\/\/fmcalhas.com.br\/index.php?rest_route=\/wp\/v2\/types\/product"}],"replies":[{"embeddable":true,"href":"https:\/\/fmcalhas.com.br\/index.php?rest_route=%2Fwp%2Fv2%2Fcomments&post=2877"}],"wp:featuredmedia":[{"embeddable":true,"href":"https:\/\/fmcalhas.com.br\/index.php?rest_route=\/wp\/v2\/media\/3012"}],"wp:attachment":[{"href":"https:\/\/fmcalhas.com.br\/index.php?rest_route=%2Fwp%2Fv2%2Fmedia&parent=2877"}],"wp:term":[{"taxonomy":"product_brand","embeddable":true,"href":"https:\/\/fmcalhas.com.br\/index.php?rest_route=%2Fwp%2Fv2%2Fproduct_brand&post=2877"},{"taxonomy":"product_cat","embeddable":true,"href":"https:\/\/fmcalhas.com.br\/index.php?rest_route=%2Fwp%2Fv2%2Fproduct_cat&post=2877"},{"taxonomy":"product_tag","embeddable":true,"href":"https:\/\/fmcalhas.com.br\/index.php?rest_route=%2Fwp%2Fv2%2Fproduct_tag&post=2877"}],"curies":[{"name":"wp","href":"https:\/\/api.w.org\/{rel}","templated":true}]}}